16452?
True
Is 34 a factor of 55216?
True
Does 1372 divide 1743546?
False
Is 55 a factor of 617212?
False
Does 159 divide 269505?
True
Is 102638 a multiple of 88?
False
Is 14 a factor of 2735152?
True
Does 163 divide 32373?
False
Does 156 divide 1058460?
True
Is 776950 a multiple of 33?
False
Is 198463 a multiple of 178?
False
Does 27 divide 2953449?
True
Is 465353 a multiple of 4?
False
Is 53998 a multiple of 98?
True
Is 141 a factor of 76530?
False
Does 268 divide 175081?
False
Does 17 divide 529278?
True
Does 560 divide 12508720?
True
Is 182 a factor of 166343?
False
Does 28 divide 30020?
False
Is 1105194 a multiple of 5?
False
Is 32 a factor of 18528?
True
Is 46 a factor of 54805?
False
Does 23 divide 402131?
False
Does 18 divide 1014232?
False
Is 1132872 a multiple of 3?
True
Does 49 divide 2800648?
False
Is 17080 a multiple of 35?
True
Does 12 divide 238044?
True
Is 691049 a multiple of 37?
True
Is 175 a factor of 223125?
True
Is 1483791 a multiple of 3?
True
Is 72330 a multiple of 10?
True
Is 4115628 a multiple of 132?
True
Is 7 a factor of 23798?
False
Is 672 a factor of 82656?
True
Is 267 a factor of 4402205?
False
Is 279808 a multiple of 124?
False
Does 1112 divide 3478336?
True
Does 31 divide 81964?
True
Is 1487258 a multiple of 386?
True
Is 21 a factor of 50211?
True
Is 75 a factor of 360300?
True
Is 4300 a multiple of 10?
True
Is 383 a factor of 495219?
True
Is 46 a factor of 1646662?
True
Does 247 divide 556301?
False
Is 72 a factor of 16677182?
False
Is 19152 a multiple of 28?
True
Does 173 divide 277709?
False
Does 60 divide 1386000?
True
Is 55881 a multiple of 9?
True
Is 76998 a multiple of 17?
False
Does 208 divide 249184?
True
Is 2190246 a multiple of 102?
True
Is 83 a factor of 2619396?
False
Does 84 divide 696778?
False
Does 517 divide 136926?
False
Does 23 divide 253047?
False
Does 40 divide 2647600?
True
Is 58357 a multiple of 13?
True
Is 228 a factor of 220932?
True
Does 31 divide 3682765?
False
Is 374 a factor of 21949538?
False
Is 134 a factor of 3218680?
True
Is 78 a factor of 714660?
False
Does 47 divide 330358?
False
Is 11326309 a multiple of 79?
True
Does 3 divide 207226?
False
Is 671902 a multiple of 35?
False
Is 540 a factor of 17280?
True
Does 232 divide 133632?
True
Is 1785030 a multiple of 299?
True
Is 177 a factor of 4425000?
True
Does 91 divide 158151?
False
Is 370904 a multiple of 8?
True
Is 9 a factor of 17332?
False
Does 6 divide 2076?
True
Is 340 a factor of 14732033?
False
Is 130043 a multiple of 23?
False
Does 16 divide 347311?
False
Does 9 divide 334864?
False
Is 49804 a multiple of 137?
False
Is 240 a factor of 17218576?
False
Is 1604040 a multiple of 60?
True
Does 227 divide 5448?
True
Is 3436030 a multiple of 130?
True
Is 4263336 a multiple of 66?
True
Is 86722 a multiple of 116?
False
Is 630342 a multiple of 27?
True
Does 31 divide 6781?
False
Does 1223 divide 245823?
True
Does 5 divide 71370?
True
Is 1842129 a multiple of 3?
True
Is 1007920 a multiple of 10?
True
Is 12602 a multiple of 24?
False
Does 32 divide 28960?
True
Is 3101832 a multiple of 201?
True
Is 285328 a multiple of 499?
False
Is 21 a factor of 59052?
True
Is 4672501 a multiple of 180?
False
Does 20 divide 1641620?
True
Is 165 a factor of 880935?
True
Is 22178209 a multiple of 17?
False
Is 3963600 a multiple of 15?
True
Is 14973 a multiple of 31?
True
Is 5323762 a multiple of 58?
True
Is 578980 a multiple of 72?
False
Is 12222 a multiple of 25?
False
Does 525 divide 2269050?
True
Is 251298 a multiple of 177?
False
Is 216752 a multiple of 248?
True
Is 9825048 a multiple of 276?
True
Is 3059560 a multiple of 140?
True
Does 93 divide 27528?
True
Does 80 divide 7301120?
True
Is 513 a factor of 3391443?
True
Is 346776 a multiple of 347?
False
Does 69 divide 3848398?
False
Does 12 divide 51468?
True
Does 680 divide 3452451?
False
Does 98 divide 150136?
True
Does 1099 divide 8047977?
True
Is 144480 a multiple of 112?
True
Is 230534 a multiple of 73?
True
Is 31636 a multiple of 7?
False
Is 1410038 a multiple of 406?
True
Is 38 a factor of 163055?
False
Is 8213 a multiple of 20?
False
Is 1046 a factor of 4828823?
False
Is 4549943 a multiple of 20?
False
Is 218 a factor of 13298?
True
Does 4 divide 47820?
True
Does 23 divide 4346?
False
Does 30 divide 606220?
False
Is 1105684 a multiple of 316?
True
Is 2 a factor of 997507?
False
Does 15 divide 17714445?
True
Is 153111 a multiple of 20?
False
Is 11 a factor of 2615317?
False
Is 19 a factor of 8749241?
False
Does 14 divide 1560972?
True
Is 405178 a multiple of 289?
True
Is 213120 a multiple of 124?
False
Does 66 divide 893112?
True
Is 220 a factor of 117480?
True
Is 27092 a multiple of 52?
True
Is 29 a factor of 7273258?
True
Is 240135 a multiple of 3?
True
Is 26843 a multiple of 17?
True
Does 23 divide 183770?
True
Does 860 divide 3967171?
False
Does 834 divide 5089413?
False
Does 11 divide 178553?
False
Is 9114951 a multiple of 1785?
False
Is 53 a factor of 289175?
False
Is 6 a factor of 317706?
True
Is 2000844 a multiple of 36?
True
Is 2176152 a multiple of 44?
True
Does 235 divide 677740?
True
Is 13024665 a multiple of 15?
True
Is 256240 a multiple of 12?
False
Is 135 a factor of 158760?
True
Is 734 a factor of 293841?
False
Does 691 divide 2742090?
False
Does 38 divide 3250140?
True
Is 214281 a multiple of 69?
False
Is 89 a factor of 65504?
True
Is 93 a factor of 65937?
True
Does 48 divide 187894?
False
Does 11 divide 87230?
True
Does 52 divide 2378582?
False
Is 7 a factor of 20344?
False
Is 54 a factor of 382618?
False
Is 5862336 a multiple of 32?
True
Is 147 a factor of 500094?
True
Is 507298 a multiple of 690?
False
Does 913 divide 1421541?
True
Is 2378650 a multiple of 226?
True
Is 2007432 a multiple of 18?
True
Is 12 a factor of 43452?
True
Is 20 a factor of 10660?
True
Is 258656 a multiple of 13?
False
Does 100 divide 284600?
True
Does 41 divide 71750?
True
Does 968 divide 5266888?
True
Is 1503556 a multiple of 46?
True
Is 159 a factor of 617196?
False
Does 106 divide 4093276?
False
Is 2056699 a multiple of 83?
False
Is 104640 a multiple of 4?
True
Is 1100784 a multiple of 1292?
True
Is 409411 a multiple of 14?
False
Does 1126 divide 1676614?
True
Is 30 a factor of 3964770?
True
Is 3 a factor of 1309369?
False
Is 2506367 a multiple of 34?
False
Is 43 a factor of 334411?
True
Is 1423361 a multiple of 90?
False
Is 1057655 a multiple of 12?
False
Does 147 divide 191284?
False
Is 190 a factor of 583764?
False
Is 1579 a multiple of 752?
False
Is 365746 a multiple of 991?
False
Is 196470 a multiple of 531?
True
Is 413 a factor of 141286?
False
Is 217374 a multiple of 22?
False
Is 10890781 a multiple of 19?
True
Is 3552152 a multiple of 29?
True
Is 5432042 a multiple of 22?
True
Does 81 divide 165888?
True
Is 290726 a multiple of 6?
False
Is 471638 a multiple of 23?
True
Is 562 a factor of 1400014?
False
Is 401791 a multiple of 62?
False
Does 52 divide 297492?
True
Is 13013750 a multiple of 484?
False
Is 847 a factor of 20085758?
True
Does 28 divide 23918?
False
Is 17160 a multiple of 6?
True
Is 326048 a multiple of 79?
False
Is 9 a factor of 41148?
True
Is 4329951 a multiple of 177?
True
Is 146 a factor of 604829?
False
Is 562877 a multiple of 6?
False
Is 120744 a multiple of 13?
True
Is 308 a factor of 40904?
False
Does 12 divide 1602641?
False
Is 19 a factor of 1398983?
False
Is 19 a factor of 20425249?
False
Is 98 a factor of 278516?
True
Does 488 divide 81984?
True
Is 14 a factor of 17289378?
False
Is 10 a factor of 85487?
False
Does 122 divide 7737484?
True
Is 2725295 a multiple of 168?
False
Is 317520 a multiple of 135?
True
Does 22 divide 243072?
False
Does 148 divide 74395?
False
Is 75608 a multiple of 8?
True
Does 39 divide 1331118?
False
Is 246 a factor of 789313?
False
Does 128 divide 480388?
False
Is 10 a factor of 241780?
True
Is 126 a factor of 12242146?
False
Is 126 a factor of 2178092?
False
Is 5 a factor of 3340?
True
Is 18 a factor of 181836?
True
Does 6 divide 1410768?
True
Is 6709335 a multiple of 234?
False
Is 615 a factor of 212276?
False
Is 102158 a multiple of 9?
False
Is 207 a factor of 28799305?
False
Is 18353602 a multiple of 15?
False
Does 106 divide 1101903?
False
Does 37 divide 226186?
False
Is 37 a factor of 9495163?
False
Is 8 a factor of 5096622?
Fal